*w. Let s(h) = -13*h. Let z(k) = -4*p(k) - s(k). Let b = 14 - 6. Determine z(b).
8
Suppose 5*f = -50 + 5. Let l be 12/f - 35/21. Let t(y) be the first derivative of -2*y**3/3 - 2*y**2 - 13. Determine t(l).
-6
Let c(f) = f**2 + 3*f - 88. Suppose 35 = 4*r + 392*j - 391*j, 29 = 4*r - j. Give c(r).
0
Suppose -2*p - 4*g - 8 = -4*p, 0 = 4*p + g + 11. Let l(a) = -12*a**2 - 4. Let s(f) = -5*f**2 - 2. Let h = 70 + -72. Let m(z) = h*l(z) + 5*s(z). Calculate m(p).
-6
Let k(m) be the first derivative of 5*m - 1/3*m**3 - 3*m**2 - 273. Determine k(-8).
-11
Suppose -98 + 34 = 3*q - 4*b, 2*b + 16 = 0. Let m(s) = 3*s**2 + 93*s - 98. Calculate m(q).
-2
Let h = -441 - -447. Let s be h/(-6 - 80/(-15)). Let u(z) = -z + 11. What is u(s)?
20
Let r(m) = 9*m + 64. Let f be r(-7). Let g be (2/(-2 - 2))/(f/(-24)). Let i(y) = y**3 - 11*y**2 - 15*y + 13. Give i(g).
-23
Suppose -12 = 6*d - 2*d. Let c be (d - (-15)/6)*-28. Let t be ((-80)/c + (-4)/14)/1. Let x(h) = -h**3 - 7*h**2 - 6*h - 6. Determine x(t).
-6
Suppose -3*k + 27*a - 9 = 29*a, 3*k - 5*a + 72 = 0. Let y(w) = 2*w + 14. Give y(k).
-4
Suppose 2*h + 5*g + 12 = -3, -35 = 3*h - 5*g. Let n(p) = p**2 + 16*p + 24. Give n(h).
-36
Let h(r) = 2*r + 3. Let t(v) = 11*v + 36. Let c(x) = 4*h(x) - t(x). What is c(-14)?
18
Let g be ((-4)/6)/((-10)/60). Suppose 0 = g*f + 5*m - 54, 3*m = 3*f - 4*f + 10. Let l(u) = u - 6. Give l(f).
10
Let n(w) = 26*w. Let z be (-59)/118*1/(2/8). Let l be 32/64 + (-1)/z. Determine n(l).
26
Let j(z) be the second derivative of z**5/20 - 2*z**4 - 4*z**3 - 17*z**2/2 - 126*z - 2. Calculate j(25).
8
Let r(z) = -z**2 + 5*z + 2. Let u(a) = -5*a + 8. Let k be u(1). Let s be r(k). Suppose -40 = -4*y - s. Let i(o) = -o**3 + 9*o**2 - 8*o - 4. Determine i(y).
-4
Let w(j) = -j**2 + 17*j - 51. Suppose 0 = -4*l - 3*k + 71, 29*k = 30*k - 5. Determine w(l).
-9
Let g(n) be the first derivative of 2*n**3/3 - 7*n**2/2 + 10*n - 1198. Calculate g(2).
4
Suppose -10*r + 55 = r. Let w be (5 - 5)/(-2 + r). Let t(q) = -3 + 0*q - 1 + 2*q - q. Determine t(w).
-4
Let r = 20 + -12. Suppose o = -r*o - 18. Let n(t) = 2 - 4*t**3 - 3*t**2 + 0 - 3*t**3 + 6*t**3. Determine n(o).
-2
Let k(c) be the third derivative of 0 + 6*c**2 - 1/120*c**5 + 0*c + 3*c**3 + 1/8*c**4. Let u(s) be the first derivative of k(s). Calculate u(9).
-6
Let i = -402 - -407. Let t(b) = -2*b**3 + 0*b**3 + 2*b**2 - 4*b**3 + i*b**2 + 12 + 5*b**3. Determine t(7).
12
Suppose 2993*t - 3070*t = 693. Let h(u) be the first derivative of -u**4/4 - 3*u**3 - u**2/2 + 6*u + 4. Calculate h(t).
15
Let v(g) = -g**3 - 6*g**2 + 4*g + 5. Suppose 4 = 9*y - 8*y. Let a(u) = u**3 + 6*u**2 - 3*u - 6. Let d(b) = y*v(b) + 3*a(b). Give d(-7).
2
Suppose 49*l - 4*u - 16 = 45*l, 2*l = 3*u + 13. Let n(c) = 54*c**3 + c**2. Give n(l).
-53
Let d(i) = -i**2 - 3*i - 2. Let g be 5 - (-1 - (11 + -22)). Give d(g).
-12
Let k(f) = f**3 - 7*f**2 + 4*f + 8. Let u be k(6). Let a = -67 - -72. Let s(w) = -3*w**2 + w**3 + 156 - 161 + 6*w**2 - a*w. Determine s(u).
-1
Let u(a) = -2*a**3 + 51*a**2 - 55*a - 174. Let w(f) = -5*f**3 + 154*f**2 - 166*f - 518. Let k(j) = 8*u(j) - 3*w(j). Determine k(-55).
-3
Let q(u) = u**3 - 3*u - 1. Let n(l) = -16*l + 3. Let p be n(0). What is q(p)?
17
Suppose -3*r + 3*k = -8*r + 38, -3*r = 4*k - 25. Let t(f) be the second derivative of 7/12*f**4 - 1/20*f**5 + 22*f + 3/2*f**2 - 1/6*f**3 + 0. Determine t(r).
-4
Let z(d) = 2*d**2 - 9*d + 3. Let i = -288 - -294. What is z(i)?
21
Let m(z) = 5*z**2 - 20*z + 22. Let d(s) = 2*s**2 - 8*s + 7. Let n(x) = -11*d(x) + 4*m(x). Calculate n(5).
1
Let t(j) = j**3 - 35*j**2 + 231*j + 86. Let r be t(26). Let s(a) = a**3 - 10*a**2 + 20*a - 23. Give s(r).
9
Let j be 4 + ((-55)/(-1))/(-5). Let b(p) = 12*p + 19. Let z(x) = -7*x - 9. Let i(h) = j*z(h) - 4*b(h). Let n(r) = -r + 5. Let g be n(5). Give i(g).
-13
Let l(s) = 2*s - 6. Let y(f) = -2*f - 3. Let i(p) = -15*p + 1. Let z(o) = -i(o) + 5*y(o). Let u(m) = m - 1. Let j be u(5). Let w be z(j). What is l(w)?
2
Let m(d) = -11*d - 61. Let k be (-804)/67 - (-10)/2. Determine m(k).
16
Let w(f) = f**3 - 5*f**2 - 23. Suppose -2*n = -3*c - 15 + 43, 4*c + 3*n - 9 = 0. Calculate w(c).
13
Let o(h) = h**3 - 3*h**2 + 4*h - 16. Let y be o(3). Let r(p) be the second derivative of p**4/12 + 2*p**3/3 + 3*p**2/2 - p + 12. Calculate r(y).
3
Let f(g) = 6*g**3 - g**2 + 1. Suppose 22*c - 1052 = 3172. Let p = c - 193. What is f(p)?
-6
Let w = -607 + 609. Let r(g) = -5*g - 5 - 14*g**2 - w*g**3 + 13*g**2 + 3*g**3 + 5*g**2. Give r(-5).
-5
Let i(l) = l**2 - 8*l + 96. Let v(s) = -2*s**2 + 15*s - 177. Let z(q) = -11*i(q) - 6*v(q). Calculate z(8).
54
Let z(l) be the third derivative of -5/6*l**3 + 11*l**2 + 0 + 0*l - 1/8*l**4. Let x(a) = -a**2 + 8*a - 4. Let o be x(8). Determine z(o).
7
Let t be 3/(-10) - (-20227)/1790. Let y(k) = k**3 - 12*k**2 + 12*k + 4. What is y(t)?
15
Let f(c) = -6*c + 71. Suppose 0 = 5*z + 12136 - 12186. Calculate f(z).
11
Let v = -170 + 179. Suppose 2*w + 22 = -2*j - 0*w, -3*j + 3*w - v = 0. Let l(d) = d**2 + 7*d + 5. Calculate l(j).
5
Let h(a) = 95*a + 90. Let r(u) = -59*u - 45. Let b(i) = 3*h(i) + 5*r(i). What is b(5)?
-5
Let z(f) = -f**3 + 6*f**2 - 2*f - 6. Let o(q) = q**2 - 17*q - 53. Let a be o(20). Suppose 5*n - 18 = a. Determine z(n).
9
Let p(t) be the first derivative of t**4/12 - 2*t**3/3 - 7*t**2/2 + 80*t - 108. Let l(c) be the first derivative of p(c). Give l(6).
5
Let f(z) = -3*z - z**2 - 3*z + 16 - 6. Let o be (6/16*-4)/((-1)/360). Let s = o - 547. What is f(s)?
3
Let n(b) = 9*b**3 + 16*b**2 - 5*b - 76. Let d(t) = 7*t**3 + 13*t**2 - 4*t - 74. Let l(r) = 5*d(r) - 4*n(r). Determine l(0).
-66
Let i(o) = -6*o**3 - o**2 + 16*o + 18. Let k be i(-1). Let y(z) = 7*z - 59. Give y(k).
-10
Let p(r) = -r**2 - 18*r - 34. Let a be (32/12 + 4)*27/(-15). Give p(a).
38
Suppose 7*p + 72 = 30. Let n(h) = 7*h**3 + 16*h**2 + 9*h - 11. Let j(t) = 8*t**3 + 17*t**2 + 9*t - 12. Let g(s) = p*j(s) + 7*n(s). Calculate g(-9).
-5
Suppose -52*l = -55*l - t - 21, -2*l + 4*t = 0. Let m(a) = a**2 + 4*a - 22. Determine m(l).
-10
Let r(q) = q**3 - 7*q**2 - 6*q - 2. Let t(v) = 0*v**3 - 4*v**2 - v**3 + 12 + 12 - 16. Let o be t(0). Give r(o).
14
Let v(m) = m**3 - 5*m**2 - 4*m - 1. Let f be -3*(-12 - -1) - 3. Let a(b) = 8*b + 90. Let x be a(-11). Suppose 3*j - f = -x*j. Calculate v(j).
11
Let r(n) = 15*n + 195. Let x(v) = -2*v - 22. Let y(b) = 3*r(b) + 24*x(b). Determine y(18).
3
Let x(j) = -4*j - 16. Suppose -5*f = -3*f - 4, f + 206 = 4*s. Suppose 49 = -s*a + 45*a. Determine x(a).
12
Let a(q) = 2*q**2 + 7*q - 4. Let j be a(0). Let h(s) be the second derivative of 1/20*s**5 + 0 - 2/3*s**3 + s**2 + 1/4*s**4 + 12*s. Determine h(j).
2
Let c(s) = -s - 5. Let x = -473 + 477. Let h be x*13/((-13)/2). What is c(h)?
3
Let b(m) = 768*m - 2*m**3 - 378 + 869*m - 54*m**2 - 1697*m + m**3. Determine b(-53).
-7
Suppose 4*v + y + 69 - 22 = 0, -v + y = 18. Let c(l) = l - 6. What is c(v)?
-19
Suppose -3*w + 5*g + 3 = 3*g, 5*w = -2*g + 21. Suppose -w*o + 21 = 9. Let y(f) = f**2 - f + 2. What is y(o)?
14
Suppose -5878*r + 5889*r - 242 = 0. Let w(v) be the third derivative of r*v**2 + 1/3*v**3 + 0 + 0*v + 1/12*v**4 - 1/60*v**5. Calculate w(2).
2
Let f(l) = l**2 - 3*l - 8. Let x(i) = 55*i**2 - 5 - 3 - 3 - 18*i - 56*i**2. Let o be x(-17). Suppose 2*a = d + 2, o*d = 2*d - a + 28. Give f(d).
10
Let f(q) = q**2 + 10*q + 1. Let x = 370 + -366. Suppose -5*r + 2*v + 13 = -7, 3*r = -2*v + 12. Suppose 5*c - 5*d - x = -49, 0 = -r*c - d - 11. Calculate f(c).
-23
Let a(w) be the third derivative of -w**4/12 + 13*w**3/6 + 851*w**2 - 3. Calculate a(-10).
33
Let i(k) = -3*k - 3. Let u(h) = -6*h - 6. Let n(v) = 9*i(v) - 5*u(v). Suppose -66*p = -77*p - 693. Let y = -68 - p. Calculate n(y).
-12
Let j(r) = -43*r - 207. Let h(p) = -172*p - 974. Let w(n) = -2*h(n) + 9*j(n). Determine w(2).
-1
Let h(b) = 12*b - 178. Suppose 0 = -3*t + 566 - 521. Determine h(t).
2
Let x = 11533 - 11493. Let n(i) = i**3 - 39*i**2 - 41*i + 48. Calculate n(x).
8
Let r be (-1 - 6) + (-71 - 18). Let z = r - -95. Let k(g) = 10*g + 1. Calculate k(z).
-9
Let g(u) = -u**3 + 7*u**2 - u + 10. Let m(n) = 11*n - 10. Let x(l) = 2*l + 1. Let d(w) = m(w) - 5*x(w). Let q be d(22). Give g(q).
3
Let m(f) = 23*f + 7. Let p(a) = -11*a - 3. Let s(b) = 4*m(b) + 10*p(b). Suppose -2*o + 4*j = 16, -50*j - 12 = 4*o 